n 28 is divided by 20?
8
Calculate the remainder when 1413 is divided by 24.
21
What is the remainder when 60 is divided by 26?
8
What is the remainder when 148 is divided by 81?
67
Calculate the remainder when 372 is divided by 67.
37
Calculate the remainder when 384 is divided by 97.
93
What is the remainder when 73 is divided by 24?
1
Calculate the remainder when 59 is divided by 3.
2
What is the remainder when 442 is divided by 54?
10
Calculate the remainder when 1661 is divided by 328.
21
What is the remainder when 119 is divided by 113?
6
Calculate the remainder when 276 is divided by 76.
48
Calculate the remainder when 147 is divided by 90.
57
Calculate the remainder when 478 is divided by 65.
23
What is the remainder when 3416 is divided by 34?
16
What is the remainder when 207 is divided by 13?
12
What is the remainder when 1330 is divided by 18?
16
What is the remainder when 175 is divided by 22?
21
Calculate the remainder when 183 is divided by 33.
18
Calculate the remainder when 110 is divided by 31.
17
Calculate the remainder when 225 is divided by 55.
5
Calculate the remainder when 2335 is divided by 42.
25
What is the remainder when 180 is divided by 53?
21
What is the remainder when 1386 is divided by 392?
210
Calculate the remainder when 246 is divided by 25.
21
What is the remainder when 510 is divided by 131?
117
Calculate the remainder when 178 is divided by 99.
79
What is the remainder when 1673 is divided by 13?
9
Calculate the remainder when 11 is divided by 5.
1
Calculate the remainder when 680 is divided by 31.
29
What is the remainder when 132 is divided by 16?
4
What is the remainder when 173 is divided by 25?
23
What is the remainder when 270 is divided by 25?
20
What is the remainder when 223 is divided by 4?
3
What is the remainder when 10199 is divided by 23?
10
Calculate the remainder when 4479 is divided by 6.
3
Calculate the remainder when 175 is divided by 45.
40
What is the remainder when 514 is divided by 182?
150
What is the remainder when 242 is divided by 27?
26
Calculate the remainder when 122 is divided by 18.
14
Calculate the remainder when 2917 is divided by 728.
5
What is the remainder when 429 is divided by 47?
6
What is the remainder when 79 is divided by 10?
9
Calculate the remainder when 724 is divided by 232.
28
What is the remainder when 128 is divided by 45?
38
Calculate the remainder when 509 is divided by 2.
1
What is the remainder when 720 is divided by 42?
6
Calculate the remainder when 696 is divided by 50.
46
Calculate the remainder when 291 is divided by 61.
47
What is the remainder when 5937 is divided by 38?
9
What is the remainder when 1138 is divided by 54?
4
Calculate the remainder when 3317 is divided by 158.
157
Calculate the remainder when 297 is divided by 98.
3
Calculate the remainder when 344 is divided by 93.
65
Calculate the remainder when 13472 is divided by 11.
8
Calculate the remainder when 1479 is divided by 19.
16
What is the remainder when 3672 is divided by 39?
6
Calculate the remainder when 495 is divided by 62.
61
Calculate the remainder when 296 is divided by 100.
96
Calculate the remainder when 9148 is divided by 150.
148
What is the remainder when 3526 is divided by 72?
70
What is the remainder when 202 is divided by 54?
40
Calculate the remainder when 1118 is divided by 312.
182
What is the remainder when 75 is divided by 40?
35
What is the remainder when 606 is divided by 76?
74
What is the remainder when 100 is divided by 25?
0
Calculate the remainder when 306 is divided by 10.
6
What is the remainder when 271 is divided by 132?
7
What is the remainder when 377 is divided by 194?
183
Calculate the remainder when 249 is divided by 123.
3
Calculate the remainder when 107 is divided by 67.
40
What is the remainder when 158 is divided by 32?
30
What is the remainder when 195 is divided by 30?
15
Calculate the remainder when 231 is divided by 107.
17
What is the remainder when 6382 is divided by 76?
74
Calculate the remainder when 1361 is divided by 449.
14
Calculate the remainder when 5 is divided by 5.
0
What is the remainder when 63 is divided by 22?
19
Calculate the remainder when 5290 is divided by 63.
61
Calculate the remainder when 586 is divided by 7.
5
Calculate the remainder when 1058 is divided by 264.
2
What is the remainder when 187 is divided by 40?
27
Calculate the remainder when 49 is divided by 10.
9
Calculate the remainder when 405 is divided by 37.
35
What is the remainder when 2015 is divided by 96?
95
Calculate the remainder when 2184 is divided by 23.
22
Calculate the remainder when 5780 is divided by 13.
8
Calculate the remainder when 288 is divided by 148.
140
Calculate the remainder when 108 is divided by 47.
14
Calculate the remainder when 23 is divided by 8.
7
Calculate the remainder when 2117 is divided by 216.
173
What is the remainder when 83 is divided by 20?
3
Calculate the remainder when 52 is divided by 34.
18
Calculate the remainder when 118 is divided by 30.
28
Calculate the remainder when 50 is divided by 20.
10
Calculate the remainder when 2803 is divided by 399.
10
Calculate the remainder when 464 is divided by 36.
32
What is the remainder when 302 is divided by 8?
6
What is the remainder when 407 is divided by 110?
77
What is the remainder when 3549 is divided by 1181?
6
Calculate the remainder when 191 is divided by 15.
11
Calculate the remainder when 156 is divided by 78.
0
What is the remainder when 138 is divided by 131?
7
What is the remainder when 107 is divided by 31?
14
Calculate the remainder when 205 is divided by 66.
7
Calculate the remainder when 75 is divided by 18.
3
What is the remainder when 1630 is divided by 235?
220
What is the remainder when 49425 is divided by 36?
33
What is the remainder when 55 is divided by 29?
26
Calculate the remainder when 219 is divided by 38.
29
Calculate the remainder when 341 is divided by 169.
3
What is the remainder when 189 is divided by 48?
45
What is the remainder when 1114 is divided by 50?
14
What is the remainder when 433 is divided by 14?
13
What is the remainder when 211 is divided by 72?
67
What is the remainder when 21 is divided by 7?
0
Calculate the remainder when 1217 is divided by 31.
8
What is the remainder when 80 is divided by 12?
8
What is the remainder when 1280 is divided by 30?
20
Calculate the remainder when 177 is divided by 24.
9
Calculate the remainder when 5049 is divided by 25.
24
What is the remainder when 1215 is divided by 95?
75
Calculate the remainder when 7958 is divided by 19.
16
Calculate the remainder when 147 is divided by 50.
47
What is the remainder when 1331 is divided by 34?
5
What is the remainder when 936 is divided by 105?
96
What is the remainder when 2690 is divided by 194?
168
What is the remainder when 897 is divided by 15?
12
What is the remainder when 25910 is divided by 41?
39
Calculate the remainder when 475 is divided by 80.
75
What is the remainder when 423 is divided by 18?
9
Calculate the remainder when 1211 is divided by 295.
31
What is the remainder when 491 is divided by 84?
71
Calculate the remainder when 142 is divided by 22.
10
What is the remainder when 1108 is divided by 101?
98
Calculate the remainder when 682 is divided by 18.
16
What is the remainder when 83 is divided by 57?
26
Calculate the remainder when 1593 is divided by 124.
105
What is the remainder when 279 is divided by 98?
83
Calculate the remainder when 4338 is divided by 26.
22
Calculate the remainder when 193 is divided by 33.
28
What is the remainder when 829 is divided by 81?
19
What is the remainder when 172 is divided by 16?
12
What is the remainder when 728 is divided by 9?
8
What is the remainder when 96 is divided by 40?
16
Calculate the remainder when 6576 is divided by 2191.
3
What is the remainder when 866 is divided by 35?
26
What is the remainder when 373 is divided by 11?
10
Calculate the remainder when 216 is divided by 45.
36
Calculate the remainder when 27 is divided by 5.
2
What is the remainder when 2582 is divided by 136?
134
Calculate the remainder when 1299 is divided by 144.
3
What is the remainder when 438 is divided by 49?
46
Calculate the remainder when 476 is divided by 15.
11
What is the remainder when 687 is divid